75*c + 55*c + 134981. What is the units digit of c?
4
Let x = 319 + 792. What is the units digit of 5/(5/(-4)) + x?
7
Let c(p) = -p**2 + 10*p. Let h be c(7). Let x be 56/(-21)*(630/(-12) + -3). Suppose 22*r - x = h*r. What is the units digit of r?
8
What is the ten thousands digit of (13 - 4134/30)/((-3)/900)?
3
Let c(v) = -5*v**3 + 2*v**2 + 3*v + 1. Let x be c(-1). Suppose u - h - 771 = -3*h, -2*u - x*h + 1546 = 0. What is the hundreds digit of u?
7
Let u = -1367 - -381. Let y = -436 - u. Suppose 7*v - t = 2*v + y, 330 = 3*v + t. What is the hundreds digit of v?
1
Let f(i) = 3*i - 28. Let h be f(-17). Suppose 0 = 3*a - 545 + 170. Let d = a + h. What is the units digit of d?
6
Suppose 111*f - 77667 - 175191 = 0. What is the thousands digit of f?
2
Let h be ((-8)/(-6))/((130/(-117))/(-5)). Suppose -p + 5*p - 324 = 0. Suppose p - 615 = -h*f. What is the tens digit of f?
8
Suppose 0 = -4*j + 236 + 368. Let w = j + -71. Suppose -4*x - w = -g, 574 = 5*g - 2*x + 174. What is the tens digit of g?
8
Suppose 2*g - 16*q = -14*q + 26, 1 = g + 3*q. What is the hundreds digit of 334/g*5*1?
1
Let s be (656/(-10))/((-4)/10). What is the tens digit of 9/(-6 - -3)*s/(-3)?
6
Suppose -2*z - 12*j + 14*j + 17364 = 0, 0 = -3*z + j + 26034. What is the units digit of z?
6
Let p = 5141 - 3784. What is the hundreds digit of p?
3
Suppose 0 = -4*p - 0*p + 12. Suppose -3*u = p*h + 3, h + 0*h + 7 = u. Suppose -u*c + 4*c + 4*j - 50 = 0, 99 = 3*c - 5*j. What is the tens digit of c?
3
Let b(h) = -580*h**3 - h**2 - 6*h - 2. What is the thousands digit of b(-2)?
4
Suppose 46892 = 25*i - 10*i - 403693. What is the thousands digit of i?
0
Suppose 5*s - 56210 = 3*h, 8*h = 3*h. Suppose 890 = -8*k + s. What is the tens digit of k?
9
What is the thousands digit of (-12)/(-132) + (2 - 125244/(-22))?
5
Suppose -3*r = 19*r - 139722 - 213972. What is the units digit of r?
7
Suppose 0 = -3*p + 485 + 157. Let q be -26 - (11 + -32) - (116 - -1). Let v = p + q. What is the tens digit of v?
9
Suppose -2*p = 5*o + 1 + 1, -12 = -p + 4*o. Suppose p*r - 5*n - 741 = 0, -7*r + 2*r + 4*n = -933. What is the tens digit of r?
8
Let s be 7/(-91) - 4434/(-13). Let u = 375 - s. What is the tens digit of u?
3
Let r = -33 + 27. Let i = r - -17. Let c(d) = -d**2 + 19*d - 3. What is the tens digit of c(i)?
8
What is the tens digit of 17/((6/40)/(69/115))?
6
Let j(c) = c**3 + 16*c**2 + 9*c + 13. Let h = -60 - -57. Let g be h - (36/(-1))/(-3). What is the units digit of j(g)?
3
Let n be 15 - (-7 - -8 - (1 - 0)). Let o be 2/n + 31732/60. Suppose 0 = -5*k - 34 + o. What is the units digit of k?
9
Let r be (-366)/305*5/(-2). Let c = r - -1310. What is the hundreds digit of c?
3
Suppose -h = -7*h. Suppose h*b + 5*b - 4545 = 0. Suppose 0 = 11*r - 2*r - b. What is the tens digit of r?
0
Suppose 2*q - 4*d = 37476, q - d = 11842 + 6899. What is the units digit of q?
4
Let q = 7474 + -3002. What is the units digit of q?
2
Let d = 317 - -1. Let k = d - 186. What is the tens digit of k?
3
Let r be (5 - 5)*(0 + -1). Suppose -c - 3*w = -165 - 292, r = 5*c + 5*w - 2235. What is the tens digit of c?
4
What is the ten thousands digit of 22366172/878 + 3*2?
2
Let o = -202 + 265. Suppose 0 = -v + 124 - o. What is the units digit of v?
1
Let c = -302 + 166. Suppose 768 = 3*i + 4*g, 3*g - 707 = -2*i - 194. Let q = c + i. What is the tens digit of q?
1
Let m = -183 - -196. Suppose 98 = m*a - 227. What is the units digit of a?
5
Let v be (-1)/3 - 130/(-39). Let f = v + 6. Let c(n) = n**3 - 8*n**2 + 8*n + 4. What is the tens digit of c(f)?
5
Suppose 0 = -3*a + 22 + 29. Suppose 4*n + 1 = -u - 2*u, -n + 5*u = -a. Suppose -n*j = 5*o - 211, -4*o + 118 = j + o. What is the units digit of j?
3
Let p = -12278 + 18058. What is the thousands digit of p?
5
Suppose 170*t + 63 = 179*t. Suppose -2*c = t*c - 5796. What is the tens digit of c?
4
What is the hundreds digit of 74408/6 + (-102)/(-153)?
4
Let w = -29455 - -80418. What is the tens digit of w?
6
Let x be ((-3)/(4 + -1))/((-6)/46722). Suppose -w = -14*w + x. What is the units digit of w?
9
Suppose -38*n + 39*n = 2*c + 3, -5*c + 2*n - 7 = 0. Let x(z) = -1620*z**3 - 2*z**2 - z + 1. What is the hundreds digit of x(c)?
6
Let m = -19390 - -27205. What is the thousands digit of m?
7
Let g = -17127 + 33457. What is the ten thousands digit of g?
1
Let v(d) = 7*d**2 - 18*d - 30. Let x(h) = h**2 - 2*h - 1. Let m(t) = v(t) - 4*x(t). What is the hundreds digit of m(-9)?
3
Suppose -274*y = -283*y + 84996. What is the tens digit of y?
4
Let y(m) be the third derivative of 67*m**4/24 - 7*m**3/6 - 8*m**2. What is the units digit of y(3)?
4
Suppose -4*a = -a + 4*r - 2191, 2908 = 4*a + 2*r. Let d = a + -514. What is the units digit of d?
1
Let g(c) = -16*c**2 + 5*c + 1625. What is the thousands digit of g(0)?
1
Let k be (-3 - -2)/(4/(-8)). Suppose 0 = k*f - 4, 3*d - 105 = -f + 80. What is the units digit of d?
1
Let m(k) = 2*k - 2. Suppose h - 17 = 2*y, -7 = -h + 5*y + 25. Let a be m(h). What is the tens digit of (-68)/3*a/(-8)?
3
Let x(s) = 5*s + 38. Let l be x(-7). Let j(c) be the third derivative of 7*c**6/120 - c**5/20 - c**4/6 - c**3/6 - 17*c**2. What is the hundreds digit of j(l)?
1
What is the units digit of -5 - -42144 - (-3400)/136?
4
Let x(o) = -11*o**3 - 4*o**2 + 37*o + 108. What is the hundreds digit of x(-9)?
4
Let h = 2802 - -49410. What is the tens digit of h?
1
What is the units digit of 7252 + ((-8)/5 - 78/(-130))?
1
Suppose -11*n + 208374 = 4*n + 8484. What is the thousands digit of n?
3
Suppose -16*u - 526686 = 44*u - 3601806. What is the hundreds digit of u?
2
Let u(o) = o**2 - 21. Let f(k) = 2*k + 39. Let a be f(-17). Let n be u(a). Suppose -3*d = -5*d + 2*v + 36, -6 = -2*d - n*v. What is the units digit of d?
3
Let c(s) = -3*s - 1. Let z be c(-1). Suppose 19 = -5*t + 2*d, -z*d = -3*t - d - 12. Let u(j) = 5*j**2 + 11*j - 3. What is the tens digit of u(t)?
6
Suppose 89 + 75 = -n. Let y(v) = 32*v - 22. Let c be y(10). Let l = c + n. What is the units digit of l?
4
Let s = -17 - -12. Let h be (-4 - (-8 + 4)) + s. Let q = 38 - h. What is the tens digit of q?
4
Let f(t) = -47*t**2 + 6*t - 51. Let m be f(-9). What is the units digit of -5*4/(-12)*m/(-8)?
5
Let c(l) = -l**2 + 32*l - 82. Let m be c(29). Suppose 0*h + 2*s = -2*h + 492, -1215 = -m*h - 2*s. What is the tens digit of h?
4
Let k = 4263 + -2895. What is the hundreds digit of k?
3
Suppose 0 = -5*p + 10*p - 2*p - 19233. What is the units digit of p?
1
Let p be -449 - (-27)/(-9) - (-1 - 0). Let w = 1007 + p. What is the hundreds digit of w?
5
Suppose -14*q + 60 = -24*q. Let a(p) be the second derivative of -13*p**3/6 + 6*p**2 - 4*p. What is the tens digit of a(q)?
9
Suppose 2*y = 4*k + 6*y - 1808, 3*k - y = 1364. Let j = k - 167. What is the units digit of j?
7
Let w be 8 + (-6 - -15 - 8). Suppose w*u - 7*u = -3*v + 2654, -3*u = 5*v - 3981. What is the thousands digit of u?
1
Let a be (4 - -17 - 0) + 1/1. Let g be (-6)/9 - a/(-6). Suppose -g*u + 725 = 218. What is the units digit of u?
9
Let r(k) = 93*k**2 + 66*k - 448. What is the tens digit of r(12)?
3
Suppose -2869125 + 191477 = -26*w - 87*w. What is the ten thousands digit of w?
2
Suppose 330*s - 1990768 = 226*s. What is the units digit of s?
2
Let j(s) = 2535*s - 113. What is the thousands digit of j(4)?
0
Suppose p + 2*x + 423 = 0, -3*p = -x + 3*x + 1269. Let i = 75 - p. What is the tens digit of i?
9
What is the units digit of ((-1)/(-3) - 0)/(75/1938825)?
7
Let n(r) = 1558*r**2 - 78*r - 236. What is the units digit of n(-3)?
0
Let g(s) = 73*s**3 + 23*s - 24. What is the units digit of g(4)?
0
Suppose 109*b = 114*b - 35. Suppose -b*q = -54 - 4433. What is the units digit of q?
1
Suppose -31*y + 14*y - 51 = 0. What is the units digit of (-7)/(42/(-2104)) + 2/y?
0
Let a(b) = 181*b - 1020. What is the thousands digit of a(22)?
2
Suppose 2*n + 36 = 6*n. Suppose 3*o - 24 = -n*o. What is the units digit of ((-192)/16)/(0 + o/(-17))?
2
Suppose 3*h - 1620 = -3*u, 2*u = 4*h + 5*u - 2160. Let c = -255 + h. What is the tens digit of c?
8
Suppose -8 = 3*r - j, 0 + 8 = -5*r - j. Let o be -1 - r/2 - 0. Suppose 5*x - 500 - 5 = o. What is the tens digit of x?
0
Let x = 26532 - 26134. What is the tens digit of x?
9
Let t(s) = 24*s - 114. Let j be t(10). What is the hundreds digit of (-856